3)/4. Give w(m).
5
Let s(z) be the third derivative of 7*z**4/24 + z**3 + z**2. Let c(n) = 3036 - 1444 - n - 1593. Let h(w) = 5*c(w) + s(w). Give h(3).
7
Let m(d) = -d**3 + 43*d**2 - 39*d - 114. Let o be 51 + 2*(198/4)/(-11). Determine m(o).
12
Suppose 80 = 9*h + 125. Let z(d) be the third derivative of -d**5/60 - d**4/4 + 2*d**3/3 - 5*d**2. Calculate z(h).
9
Let t(y) = -17*y**3 + 4*y**2 - 9*y. Let u(p) = 15*p**3 - 16*p**2 - 12*p**2 + 7*p + 25*p**2. Let z(l) = -4*t(l) - 5*u(l). Suppose 3*r - 1 = 2. Calculate z(r).
-7
Let k(n) = -n**3 + 12*n**2 + 4. Let a be k(12). Suppose -j = -a*j. Let z(m) = 3 + j*m**2 - 4 - 3*m**2 + 3*m - 2. Calculate z(2).
-9
Let d(r) be the first derivative of 0*r + 19 - 1/2*r**2. Let m = -190 + 190. Determine d(m).
0
Suppose -j - 8*j + 117 = 0. Let n(y) = 17 - 29 + y + 3*y + j. Calculate n(-2).
-7
Let s(g) = -g**3 + g**2 + 4*g - 3. Let w be s(4). Suppose -170 = -5*z - 2*r, 2*z - 11*r + 13*r = 68. Let u = z + w. Let p(a) = -15*a. Calculate p(u).
15
Let k(a) = -a**3 - 5*a**2 + 4*a - 8. Let o be k(-6). Let i(f) = -9918*f**2 + 9917*f**2 - 1720 + 5*f + 1721. Calculate i(o).
5
Let u(n) = n**3 - 11*n**2 - 2. Let c = -1678 + 1689. Give u(c).
-2
Let r(d) = -7*d + 4. Let g(q) = q. Let b(k) = -6*g(k) - r(k). Let t = -33 + 37. Give b(t).
0
Let k(r) = -r**3 - 3*r - r**2 - 2*r**2 + 0*r**3. Let u(p) = p**2 - 1139*p - 10334. Let o be u(-9). Give k(o).
2
Let x(h) be the third derivative of -32*h**2 - 1/30*h**5 + 0*h + 0 + 31/6*h**3 - 5/24*h**4. Let k(b) be the first derivative of x(b). Determine k(-4).
11
Let c(i) = -266*i - 469. Let x(f) = -188*f - 313. Let u(q) = -5*c(q) + 7*x(q). Give u(-11).
0
Let i(k) = 14*k**2 - 14*k - 32. Let q(c) = 3*c**2 + c - 6. Let y(o) = i(o) - 4*q(o). What is y(12)?
64
Let b = -22498 + 22485. Let u(f) = -f**3 - 13*f**2 - 6*f + 3. Calculate u(b).
81
Let g(w) = 2*w**3 + 16*w**2 - w - 5. Let f be g(-8). Let n(k) = -6*k + f*k + 4*k. Suppose -3*a = -0*a + 9. What is n(a)?
-3
Suppose 7 = 4*o - 9. Let t(n) = -52 + 7*n - 5*n**2 + 34 + 3*n**3 + 12 - n**3 - n**3. Give t(o).
6
Let k(a) = -145*a - 721. Let t be k(-5). Let r(c) = -c**3 + 4*c**2 - 7*c + 13. What is r(t)?
-15
Let a = -2962 - -2968. Let m(u) = 2*u - 4. Determine m(a).
8
Let p = -1502 + 1506. Let k(h) = h**2 - 2*h + 3. Determine k(p).
11
Suppose -521 = -r - 512. Let m(y) = -6 - y**3 - 121*y**2 - r*y + 13*y + 115*y**2. What is m(-7)?
15
Let t(l) = -l**2 + 23*l - 75. Suppose 18*n - 19*n - 4*m - 3 = 0, 3*m - 19 = -2*n. Determine t(n).
27
Let s(q) = -5 - 105*q - 98*q - 112*q + 276*q + 1. What is s(-1)?
35
Let x(t) = -3*t**2 - 107*t + 30. Let w(y) = -7*y**2 - 236*y + 60. Let d(k) = 4*w(k) - 9*x(k). What is d(23)?
-122
Let l(w) be the second derivative of -2*w**3/3 - 7*w**2/2 + 2*w. Let q(t) = 5*t + 8. Let a(y) = -7*l(y) - 6*q(y). Suppose -4*h = -3*h + 4. What is a(h)?
9
Suppose 3*b - 23 = -2*q, -b + 5*q - 2 - 30 = 0. Let x(l) = 19*l - 57. Calculate x(b).
0
Let u = 223 - 231. Let a be 11 - (5 + u/4). Let g(k) = -k**3 + 9*k**2 - 9*k - 11. Calculate g(a).
-19
Suppose -2*c - 3*u + 9 + 2 = 0, u - 1 = -2*c. Let x be (252/(-2))/c + -1 + 3. Let t = -63 + x. Let i(p) = -p**3 + 2*p**2 + p + 1. Give i(t).
3
Let h(k) = -5*k**2 - 2*k**2 + 13 + 12204*k**3 - 12206*k**3. Calculate h(-3).
4
Let x(s) be the first derivative of 4*s - 2/3*s**3 + 61 + 3/2*s**2. Give x(3).
-5
Suppose -210*w + 4*q + 3 = -209*w, -4*w = 3*q - 50. Let r(m) = m**2 - 9*m - 7. Determine r(w).
15
Suppose 51 + 63 = 3*z. Suppose z = -y + 36. Let t be y/(-8)*(23 - 11). Let v(p) = p**2 - p - 3. Determine v(t).
3
Let i(t) = 2*t**2 - t + 9. Let z(v) = -v**2 + 12. Let l be z(3). Let k be i(l). Let r(f) = -12 + k + f - 16. What is r(-4)?
-8
Let x be (-40)/(-5) + -4 - (-1 + 1). Let c be (0 - x/(-10)) + 168/280. Let k(w) = -7*w**2 + w. What is k(c)?
-6
Let i(v) be the second derivative of -v**5/20 + 3*v**4/2 + 7*v**3/6 - 19*v**2 - 2904*v. Determine i(18).
88
Let b(f) = 161*f - 36. Let a(y) = 215*y - 49. Let m(h) = -8*a(h) + 11*b(h). Give m(-2).
-106
Suppose 24*b = 29*b + 60. Let q(m) = -9*m**2 - 16 + 0*m**2 + 10*m + 10*m**2. What is q(b)?
8
Let j(f) = -f**3 - f**2 - 4*f - 3. Let n(v) = v**3 + 12*v**2 + 12*v + 9. Let k be (17 - 61)*2/8. Let r be n(k). Calculate j(r).
9
Let o(c) = 58*c - 23*c - 29*c - 23 + 109. What is o(-13)?
8
Suppose -4*u = -3*r - 168 + 482, -5*r + 3*u = -516. Let o(w) = 99 - 198 + r + 3*w. What is o(4)?
15
Let r(s) = -6*s + 2. Suppose -24 = -3*i + g + 3*g, 2*i - 3*g - 17 = 0. Suppose a - 5*v + i*v = 0, 3 = -3*a + 4*v. Determine r(a).
-16
Suppose u + 4*u - 3*x - 29 = 0, 3*u - 3*x - 15 = 0. Let f(s) = -29*s - s**2 - 35*s + 67*s + 6. Calculate f(u).
-22
Let z(u) = -9*u - 3*u - 14 - 9*u**2 - 568411*u**3 + 568412*u**3. Calculate z(11).
96
Suppose q = 4*o - 9, 2*o + 12 = 2*q + 4*o. Suppose t - 16 = -q*t. Let g(a) be the second derivative of a**3/6 - 5*a**2/2 - 58*a. What is g(t)?
-1
Let m(y) = -y**2 + 16*y - 38. Let o = -7195 - -7207. Determine m(o).
10
Let q(l) = l**3 + 3*l**2 + l + 1. Let j be (-4)/(-18) + 4/(36/25). Suppose 0*m = -j*m + 15. Suppose -m*o = 3*o + 24. Calculate q(o).
-2
Let f(y) be the first derivative of 1 + 9*y - 1/6*y**3 - 11/2*y**2. Let c(q) be the first derivative of f(q). What is c(-8)?
-3
Suppose 0 = -1408*o - 1444*o + 2896*o - 176. Let w(y) = 2*y**2 - 7*y - 9. Let z(r) = 2*r**2 - 6*r - 8. Let l(b) = -3*w(b) + 4*z(b). What is l(o)?
15
Let o be (2 - 1)*-3 - (14 + -9 - 8). Let v(k) = -k**3 + 2*k**2 + k + 13. What is v(o)?
13
Let c(q) be the first derivative of -q**5/60 + q**4/24 + q**3/6 - q**2/2 + 51*q - 37. Let y(d) be the second derivative of c(d). Give y(-2).
-5
Let o(t) = -5*t**2 - 52*t - 67. Let h be o(-8). Let b(u) = u - 48. Calculate b(h).
-19
Let y(d) = -d**2 - 3*d + 9. Let u = 15423 - 15417. What is y(u)?
-45
Let m be -4 + 800/140 - (-4)/14. Let b(a) = -a**3 + 3*a - 4. What is b(m)?
-6
Let v = 229 + -918. Let k = -691 - v. Let q(m) = -3*m**2 + 3*m + 1. Give q(k).
-17
Suppose -5*q = o - 20, 2*o - 5 = 4*o - 5*q. Let k(z) = 6*z + 49. Let p be k(-7). Let i(d) = -1 - d**2 + p + 2*d**2 - 6*d. Calculate i(o).
1
Let m(i) = 4*i**3 + 4*i**2 - 4*i + 1. Suppose 0 = -51*x + 66 - 15. Calculate m(x).
5
Suppose -1539 + 531 = -72*u. Let b(m) = -9*m + 93. What is b(u)?
-33
Let r(o) = -o**3 + 16*o**2 + 31*o + 88. Let v be r(18). Let n(c) = 9*c. Give n(v).
-18
Let r(w) be the third derivative of w**6/120 - w**5/15 - w**4/6 - 5*w**3/3 - 197*w**2 - 5*w. Determine r(6).
38
Let f(k) = k - 4. Let m(d) = 2*d - 8. Suppose 14*w = -7*w + 42. Suppose -3*a - 32 = 4*h, 3*h = a - 7 - 4. Let u(b) = h*f(b) + w*m(b). What is u(0)?
4
Let f(r) be the second derivative of -r**7/504 + r**5/120 + r**4/6 + 39*r**2/2 - 84*r. Let p(a) be the third derivative of f(a). Give p(2).
-19
Let a = 357 - 120. Suppose -235 + a = h. Let z(g) = -g + 4*g - g + g**2 - 1 - 2. Calculate z(h).
5
Let a(p) be the third derivative of 1/6*p**4 - 157*p**2 + 0*p**3 + 0*p + 0. What is a(-6)?
-24
Suppose 0*k + 15 = 5*k. Suppose -a = k*a - 5*g - 53, a - g - 12 = 0. Let u(r) = -r**2 - 63 - 12*r + 14*r + 57 + 6*r. Give u(a).
1
Let k = -1 + -1. Let l(h) = 3*h**3 + h**2 + 1. Let c(w) = -20*w**3 - 9*w**2 - 5. Let j(s) = 80*s + 394. Let g be j(-5). Let x(u) = g*l(u) - c(u). What is x(k)?
-5
Let n(m) be the third derivative of m**7/5040 + m**6/48 - m**5/5 + m**2 + 19*m. Let q(x) be the third derivative of n(x). What is q(-8)?
7
Let a(s) = -1492*s + 2*s**2 + 51 - 13*s**2 + 1510*s - 46. Determine a(2).
-3
Let y(g) = 213 - 81 - 63 + 7*g**2 - g**3 + 6*g - 75. Determine y(8).
-22
Let w(r) = 4*r**2 + 2*r + 3. Let o(y) = -4*y**2 + y. Let j(l) = 19*l**2 - 6*l - 1. Let d(s) = -j(s) - 5*o(s). Let c(z) = 6*d(z) - w(z). What is c(-2)?
3
Let c(k) = k**2 + 6*k + 5. Suppose 0 = -p - 3*p. Let v(m) = m**2 - 4*m + 23. Let b be v(p). Suppose b*t + 18 = 20*t. What is c(t)?
5
Let g(y) = y**3 - 24*y**2 + 45*y - 21. Let t be g(22). Let l(b) = -13 + 3*b + 6 + 4 + t. Suppose -f + 6 = f. What is l(f)?
7
Let l(h) be the first derivative of h**3/3 + 15*h**2/2 + 9*h + 8957. Let g = -8 + -3. Determine l(g).
-35
Let h(u) be the second derivative of -u**5/40 + 17*u**4/24 - 119*u**3/6 + 70*u. Let r(v) be the second derivative of h(v). What is r(9)?
-10
Let x(l) = 2*l + 11. Suppose 13*o + 10*o = 12*o. Calculate x(o).
11
Let q(o) = 6*o**2 - 5*o - 2. Let r = -261 - -262. Let u(t) 